Is 1361 composite?
False
Is 56747 prime?
True
Is 22511 prime?
True
Is 1043277 a composite number?
True
Is 14881 composite?
True
Is 96477 a prime number?
False
Is 51713 prime?
True
Is 2923 a prime number?
False
Is 27533 prime?
False
Is 266831 a composite number?
True
Is 157721 prime?
True
Is 26669 prime?
True
Is 408598 a prime number?
False
Is 47087 prime?
True
Is 91591 a composite number?
False
Is 411997 composite?
True
Is 876693 prime?
False
Is 295105 a prime number?
False
Is 6943 a composite number?
True
Is 16917 prime?
False
Is 908051 prime?
False
Is 293 prime?
True
Is 258249 a composite number?
True
Is 57983 a prime number?
False
Is 6901 prime?
False
Is 1043 prime?
False
Is 1517 prime?
False
Is 33197 composite?
True
Is 26371 a composite number?
False
Is 39407 composite?
True
Is 108179 a prime number?
True
Is 7978 a prime number?
False
Is 24841 prime?
True
Is 178559 composite?
False
Is 137311 a composite number?
True
Is 287467 a composite number?
True
Is 1954 composite?
True
Is 18341 a prime number?
True
Is 528013 a composite number?
False
Is 2513 a composite number?
True
Is 502017 a prime number?
False
Is 3859 a composite number?
True
Is 2859 a composite number?
True
Is 200341 composite?
False
Is 80297 composite?
True
Is 146397 prime?
False
Is 41669 a composite number?
False
Is 37322 a composite number?
True
Is 12661 prime?
False
Is 1167 a prime number?
False
Is 246539 a prime number?
True
Is 46741 composite?
True
Is 228467 composite?
True
Is 85103 prime?
True
Is 170399 a composite number?
True
Is 76079 a prime number?
True
Is 71171 prime?
True
Is 10709 composite?
False
Is 71317 composite?
False
Is 820037 prime?
True
Is 6947 a composite number?
False
Is 4931879 a composite number?
False
Is 8267 a composite number?
True
Is 328753 prime?
True
Is 16999 a composite number?
True
Is 16715 a prime number?
False
Is 2789 a prime number?
True
Is 1571 a composite number?
False
Is 23189 a prime number?
True
Is 235261 composite?
True
Is 1109 a prime number?
True
Is 11009 composite?
True
Is 2657 a composite number?
False
Is 12323 composite?
False
Is 10903 prime?
True
Is 214793 a prime number?
False
Is 513031 a composite number?
False
Is 137593 composite?
False
Is 8501 a prime number?
True
Is 17521 prime?
False
Is 680669 composite?
True
Is 150193 a composite number?
False
Is 251135 a composite number?
True
Is 6563 prime?
True
Is 15661 a composite number?
False
Is 1561367 composite?
False
Is 740849 composite?
False
Is 164089 a prime number?
True
Is 172783 composite?
True
Is 24133 composite?
False
Is 203857 a prime number?
True
Is 182911 composite?
True
Is 1559 prime?
True
Is 809 prime?
True
Is 49663 prime?
True
Is 3409 prime?
False
Is 131411 a composite number?
True
Is 3203 composite?
False
Is 787 composite?
False
Is 1706 a prime number?
False
Is 673 a composite number?
False
Is 81401 composite?
False
Is 749689 composite?
True
Is 783743 composite?
False
Is 263733 a composite number?
True
Is 2767 prime?
True
Is 9649 prime?
True
Is 12841 composite?
False
Is 27149 prime?
False
Is 701329 prime?
True
Is 36401 composite?
True
Is 10651 a composite number?
False
Is 603407 a composite number?
True
Is 166033 composite?
True
Is 1448459 prime?
False
Is 4603 a composite number?
False
Is 13165 composite?
True
Is 16078 prime?
False
Is 89227 a prime number?
True
Is 1309793 composite?
False
Is 122131 a prime number?
True
Is 6033 prime?
False
Is 12197 prime?
True
Is 47863 a prime number?
False
Is 30901 a prime number?
False
Is 7763 a prime number?
False
Is 506098 composite?
True
Is 85297 composite?
False
Is 1699611 a prime number?
False
Is 382433 a prime number?
False
Is 24818 prime?
False
Is 293 prime?
True
Is 18119 a prime number?
True
Is 3761 a prime number?
True
Is 2452783 composite?
False
Is 1543 a composite number?
False
Is 1796813 composite?
True
Is 18679 a composite number?
False
Is 269245 a prime number?
False
Is 11357 a composite number?
True
Is 190319 a prime number?
False
Is 4535 a prime number?
False
Is 20297 a composite number?
False
Is 113293 a prime number?
False
Is 63031 a composite number?
False
Is 16715 prime?
False
Is 2678762 a prime number?
False
Is 11255 composite?
True
Is 11553 a prime number?
False
Is 763 a prime number?
False
Is 84011 composite?
False
Is 18833 prime?
False
Is 682427 composite?
False
Is 1046231 prime?
False
Is 25937 a composite number?
True
Is 243547 composite?
True
Is 19303 prime?
False
Is 177829 a composite number?
True
Is 12251 composite?
False
Is 596149 a prime number?
False
Is 230851 a composite number?
True
Is 7807 prime?
False
Is 178241 composite?
True
Is 15681 a composite number?
True
Is 363217 prime?
True
Is 254699 prime?
True
Is 796553 composite?
False
Is 12326 composite?
True
Is 17047 a prime number?
True
Is 5257 a prime number?
False
Is 967 prime?
True
Is 7621 composite?
False
Is 70639 prime?
True
Is 3299 a composite number?
False
Is 499063 composite?
False
Is 955 prime?
False
Is 185851 a composite number?
True
Is 37663 composite?
False
Is 16183 prime?
True
Is 439877 prime?
False
Is 378011 composite?
False
Is 48611 prime?
True
Is 26309 prime?
True
Is 76771 a prime number?
True
Is 63797 a prime number?
False
Is 3983 composite?
True
Is 417891 composite?
True
Is 18251 a composite number?
False
Is 66791 composite?
False
Is 1995115 a composite number?
True
Is 33671 prime?
False
Is 10533 a prime number?
False
Is 31921 composite?
True
Is 1623 a prime number?
False
Is 231503 composite?
False
Is 28697 composite?
False
Is 259 composite?
True
Is 158174 composite?
True
Is 264029 prime?
True
Is 229783 a prime number?
False
Is 197981 prime?
False
Is 216493 prime?
True
Is 16517 composite?
True
Is 15943 a composite number?
True
Is 424079 a prime number?
True
Is 886817 prime?
False
Is 2159 a prime number?
False
Is 8009 a composite number?
False
Is 340529 prime?
False
Is 3269029 composite?
False
Is 610811 prime?
False
Is 422391 prime?
False
Is 737 a prime number?
False
Is 486155 composite?
True
Is 548095 a composite number?
True
Is 29819 a composite number?
False
Is 194507 prime?
True
Is 94613 prime?
True
Is 3841 a prime number?
False
Is 1581007 a composite number?
False
Is 15019 prime?
False
Is 93907 prime?
False
Is 33049 a composite number?
False
Is 1441189 prime?
True
Is 13841 composite?
False
Is 673 composite?
False
Is 9692719 a prime number?
True
Is 1399 prime?
True
Is 9973 prime?
True
Is 1392043 composite?
True
Is 4987 composite?
False
Is 20477 a prime number?
True
Is 1404631 a composite number?
True
Is 18617 a composite number?
False
Is 2741053 a prime number?
False
Is 244598 a composite number?
True
Is 10007 composite?
False
Is 48947 a composite number?
False
Is 128621 prime?
True
Is 320615 composite?
True
Is 320785 a prime number?
False
Is 83131 prime?
False
Is 7613 a prime number?
False
Is 9517 a composite number?
True
Is 27733 a composite number?
False
Is 28729 prime?
True
Is 214883 composite?
False
Is 731833 a prime number?
False
Is 5847 a composite number?
True
Is 1913 prime?
True
Is 126173 a composite number?
False
Is 71387 prime?
True
Is 806583 prime?
False
Is 33827 composite?
False
Is 25706 composite?
True
Is 10812851 composite?
True
Is 61599 prime?
False
Is 3147 a composite number?
True
Is 9491 prime?
True
Is 634679 prime?
True
Is 1400057 composite?
True
Is 611419 composite?
False
Is 105739 prime?
False
Is 37841 a composite number?
True
Is 6757 composite?
True
Is 74029 composite?
True
Is 493 composite?
True
Is 75431 a prime number?
True
Is 59077 a composite number?
False
Is 10511 a prime number?
False
Is 631 a composite number?
False
Is 102317 composite?
False
Is 2891477 prime?
False
Is 13501 a prime number?
False
Is 330623 a composite number?
False
Is 2473399 a composite number?
True
Is 199799 a prime number?
True
Is 27781 prime?
False
Is 4971 composite?
True
Is 83761 a prime number?
True
Is 12587 prime?
False
Is 100173 a composite number?
True
Is 81329 a prime number?
False
Is 156941 a composite number?
False
Is 11335 composite?
True
Is 9358 a composite number?
True
Is 1259 prime?
True
Is 220009 composite?
False
Is 52489 a prime number?
True
Is 683 prime?
True
Is 261149 a composite number?
True
Is 11003 a composite number?
False
Is 1844251 a composite number?
True
Is 67937 prime?
False
Is 11243 a prime number?
True